CRAN Package Check Results for Package univOutl

Last updated on 2021-09-21 04:55:43 CEST.

Flavor Version Tinstall Tcheck Ttotal Status Flags
r-devel-linux-x86_64-debian-clang 0.3 11.63 95.99 107.62 OK
r-devel-linux-x86_64-debian-gcc 0.3 9.18 70.42 79.60 OK
r-devel-linux-x86_64-fedora-clang 0.3 136.32 OK
r-devel-linux-x86_64-fedora-gcc 0.3 121.51 OK
r-devel-windows-x86_64 0.3 14.00 91.00 105.00 OK
r-devel-windows-x86_64-gcc10-UCRT 0.3 ERROR
r-patched-linux-x86_64 0.3 9.59 87.57 97.16 OK
r-patched-solaris-x86 0.3 180.80 OK
r-release-linux-x86_64 0.3 12.90 88.92 101.82 OK
r-release-macos-arm64 0.3 OK
r-release-macos-x86_64 0.3 OK
r-release-windows-ix86+x86_64 0.3 28.00 82.00 110.00 OK
r-oldrel-macos-x86_64 0.3 OK
r-oldrel-windows-ix86+x86_64 0.3 32.00 89.00 121.00 OK

Check Details

Version: 0.3
Check: whether package can be installed
Result: WARN
    Found the following significant warnings:
     WARNING: installation-time patches will not be applied, could not get the patches index
Flavor: r-devel-windows-x86_64-gcc10-UCRT

Version: 0.3
Check: PDF version of manual
Result: WARN
    LaTeX errors when creating PDF version.
    This typically indicates Rd problems.
Flavor: r-devel-windows-x86_64-gcc10-UCRT

Version: 0.3
Check: PDF version of manual without hyperrefs or index
Result: ERROR
    Re-running with no redirection of stdout/stderr.
Flavor: r-devel-windows-x86_64-gcc10-UCRT