CRAN Package Check Results for Package updog

Last updated on 2021-12-04 16:50:36 CET.

Flavor Version Tinstall Tcheck Ttotal Status Flags
r-devel-linux-x86_64-debian-clang 2.1.1 110.61 134.27 244.88 OK
r-devel-linux-x86_64-debian-gcc 2.1.1 86.36 97.98 184.34 OK
r-devel-linux-x86_64-fedora-clang 2.1.1 365.89 OK
r-devel-linux-x86_64-fedora-gcc 2.1.1 308.12 OK
r-devel-windows-x86_64-new-UL 2.1.1 148.00 236.00 384.00 OK
r-devel-windows-x86_64-new-TK 2.1.1 OK
r-devel-windows-x86_64-old 2.1.1 150.00 148.00 298.00 OK
r-patched-linux-x86_64 2.1.1 83.98 122.75 206.73 OK
r-release-linux-x86_64 2.1.1 101.22 123.52 224.74 OK
r-release-macos-arm64 2.1.1 NOTE
r-release-macos-x86_64 2.1.1 OK
r-release-windows-ix86+x86_64 2.1.1 294.00 227.00 521.00 OK
r-oldrel-macos-x86_64 2.1.1 OK
r-oldrel-windows-ix86+x86_64 2.1.1 294.00 235.00 529.00 OK

Check Details

Version: 2.1.1
Check: installed package size
Result: NOTE
     installed size is 5.5Mb
     sub-directories of 1Mb or more:
     libs 4.6Mb
Flavor: r-release-macos-arm64