CRAN Package Check Results for Package uptasticsearch

Last updated on 2021-12-03 23:50:17 CET.

Flavor Version Tinstall Tcheck Ttotal Status Flags
r-devel-linux-x86_64-debian-clang 0.4.0 4.10 40.28 44.38 NOTE
r-devel-linux-x86_64-debian-gcc 0.4.0 2.75 30.20 32.95 NOTE
r-devel-linux-x86_64-fedora-clang 0.4.0 66.82 NOTE
r-devel-linux-x86_64-fedora-gcc 0.4.0 62.95 NOTE
r-devel-windows-x86_64-new-UL 0.4.0 9.00 84.00 93.00 NOTE
r-devel-windows-x86_64-new-TK 0.4.0 NOTE
r-devel-windows-x86_64-old 0.4.0 6.00 50.00 56.00 NOTE
r-patched-linux-x86_64 0.4.0 4.14 36.89 41.03 NOTE
r-release-linux-x86_64 0.4.0 3.84 36.89 40.73 NOTE
r-release-macos-arm64 0.4.0 NOTE
r-release-macos-x86_64 0.4.0 NOTE
r-release-windows-ix86+x86_64 0.4.0 8.00 58.00 66.00 NOTE
r-oldrel-macos-x86_64 0.4.0 OK
r-oldrel-windows-ix86+x86_64 0.4.0 9.00 62.00 71.00 OK

Check Details

Version: 0.4.0
Check: LazyData
Result: NOTE
     'LazyData' is specified without a 'data' directory
Flavors: r-devel-linux-x86_64-debian-clang, r-devel-linux-x86_64-debian-gcc, r-devel-linux-x86_64-fedora-clang, r-devel-linux-x86_64-fedora-gcc, r-devel-windows-x86_64-new-UL, r-devel-windows-x86_64-new-TK, r-devel-windows-x86_64-old, r-patched-linux-x86_64, r-release-linux-x86_64, r-release-macos-arm64, r-release-macos-x86_64, r-release-windows-ix86+x86_64