CRAN Package Check Results for Package usdarnass

Last updated on 2021-12-01 15:52:14 CET.

Flavor Version Tinstall Tcheck Ttotal Status Flags
r-devel-linux-x86_64-debian-clang 0.1.0 2.36 24.82 27.18 NOTE
r-devel-linux-x86_64-debian-gcc 0.1.0 1.82 20.24 22.06 NOTE
r-devel-linux-x86_64-fedora-clang 0.1.0 46.64 NOTE
r-devel-linux-x86_64-fedora-gcc 0.1.0 33.87 NOTE
r-devel-windows-x86_64-new-UL 0.1.0 9.00 65.00 74.00 NOTE
r-devel-windows-x86_64-new-TK 0.1.0 NOTE
r-devel-windows-x86_64-old 0.1.0 4.00 38.00 42.00 NOTE
r-patched-linux-x86_64 0.1.0 2.60 24.72 27.32 NOTE
r-patched-solaris-x86 0.1.0 50.40 NOTE
r-release-linux-x86_64 0.1.0 2.22 24.60 26.82 NOTE
r-release-macos-arm64 0.1.0 NOTE
r-release-macos-x86_64 0.1.0 NOTE
r-release-windows-ix86+x86_64 0.1.0 6.00 37.00 43.00 NOTE
r-oldrel-macos-x86_64 0.1.0 OK
r-oldrel-windows-ix86+x86_64 0.1.0 5.00 36.00 41.00 OK

Check Details

Version: 0.1.0
Check: LazyData
Result: NOTE
     'LazyData' is specified without a 'data' directory
Flavors: r-devel-linux-x86_64-debian-clang, r-devel-linux-x86_64-debian-gcc, r-devel-linux-x86_64-fedora-clang, r-devel-linux-x86_64-fedora-gcc, r-devel-windows-x86_64-new-UL, r-devel-windows-x86_64-new-TK, r-devel-windows-x86_64-old, r-patched-linux-x86_64, r-patched-solaris-x86, r-release-linux-x86_64, r-release-macos-arm64, r-release-macos-x86_64, r-release-windows-ix86+x86_64