CRAN Package Check Results for Package uwo4419

Last updated on 2021-10-26 16:49:52 CEST.

Flavor Version Tinstall Tcheck Ttotal Status Flags
r-devel-linux-x86_64-debian-clang 0.3.0 11.94 104.78 116.72 OK
r-devel-linux-x86_64-debian-gcc 0.3.0 10.08 76.76 86.84 OK
r-devel-linux-x86_64-fedora-clang 0.3.0 145.91 NOTE
r-devel-linux-x86_64-fedora-gcc 0.3.0 132.46 NOTE
r-devel-windows-x86_64 0.3.0 18.00 97.00 115.00 OK
r-devel-windows-x86_64-gcc10-UCRT 0.3.0 NOTE
r-patched-linux-x86_64 0.3.0 11.71 97.15 108.86 OK
r-patched-solaris-x86 0.3.0 187.50 NOTE
r-release-linux-x86_64 0.3.0 9.96 97.44 107.40 OK
r-release-macos-arm64 0.3.0 NOTE
r-release-macos-x86_64 0.3.0 NOTE
r-release-windows-ix86+x86_64 0.3.0 21.00 128.00 149.00 OK
r-oldrel-macos-x86_64 0.3.0 NOTE
r-oldrel-windows-ix86+x86_64 0.3.0 29.00 133.00 162.00 OK

Check Details

Version: 0.3.0
Check: dependencies in R code
Result: NOTE
    Namespace in Imports field not imported from: ‘rio’
     All declared Imports should be used.
Flavors: r-devel-linux-x86_64-fedora-clang, r-devel-linux-x86_64-fedora-gcc, r-devel-windows-x86_64-gcc10-UCRT, r-patched-solaris-x86, r-release-macos-arm64, r-release-macos-x86_64, r-oldrel-macos-x86_64