CRAN Package Check Results for Package vaccine

Last updated on 2024-03-01 07:53:06 CET.

Flavor Version Tinstall Tcheck Ttotal Status Flags
r-devel-linux-x86_64-debian-clang 1.2.1 9.52 530.63 540.15 OK
r-devel-linux-x86_64-debian-gcc 1.2.1 7.14 373.46 380.60 OK
r-devel-linux-x86_64-fedora-clang 1.2.1 613.97 OK
r-devel-linux-x86_64-fedora-gcc 1.2.1 422.04 OK
r-devel-windows-x86_64 1.2.1 9.00 317.00 326.00 OK
r-patched-linux-x86_64 1.2.1 6.69 494.44 501.13 OK
r-release-linux-x86_64 1.2.1 7.76 491.96 499.72 OK
r-release-macos-arm64 1.2.1 9.00 ERROR
r-release-macos-x86_64 1.2.1 179.00 OK
r-release-windows-x86_64 1.2.1 13.00 488.00 501.00 OK
r-oldrel-macos-arm64 1.2.1 13.00 ERROR
r-oldrel-windows-x86_64 1.2.1 11.00 11.00 22.00 ERROR

Check Details

Version: 1.2.1
Check: package dependencies
Result: ERROR Package required and available but unsuitable version: ‘utils’ See section ‘The DESCRIPTION file’ in the ‘Writing R Extensions’ manual. Flavors: r-release-macos-arm64, r-oldrel-macos-arm64, r-oldrel-windows-x86_64