CRAN Package Check Results for Package validatetools

Last updated on 2021-09-26 00:48:58 CEST.

Flavor Version Tinstall Tcheck Ttotal Status Flags
r-devel-linux-x86_64-debian-clang 0.5.0 5.00 56.17 61.17 NOTE
r-devel-linux-x86_64-debian-gcc 0.5.0 4.23 42.13 46.36 NOTE
r-devel-linux-x86_64-fedora-clang 0.5.0 80.93 NOTE
r-devel-linux-x86_64-fedora-gcc 0.5.0 70.12 NOTE
r-devel-windows-x86_64 0.5.0 7.00 55.00 62.00 NOTE
r-devel-windows-x86_64-gcc10-UCRT 0.5.0 NOTE
r-patched-linux-x86_64 0.5.0 6.79 54.32 61.11 NOTE
r-patched-solaris-x86 0.5.0 96.50 NOTE
r-release-linux-x86_64 0.5.0 5.44 53.78 59.22 NOTE
r-release-macos-arm64 0.5.0 NOTE
r-release-macos-x86_64 0.5.0 NOTE
r-release-windows-ix86+x86_64 0.5.0 11.00 57.00 68.00 NOTE
r-oldrel-macos-x86_64 0.5.0 OK
r-oldrel-windows-ix86+x86_64 0.5.0 11.00 56.00 67.00 OK

Check Details

Version: 0.5.0
Check: LazyData
Result: NOTE
     'LazyData' is specified without a 'data' directory
Flavors: r-devel-linux-x86_64-debian-clang, r-devel-linux-x86_64-debian-gcc, r-devel-linux-x86_64-fedora-clang, r-devel-linux-x86_64-fedora-gcc, r-devel-windows-x86_64, r-devel-windows-x86_64-gcc10-UCRT, r-patched-linux-x86_64, r-patched-solaris-x86, r-release-linux-x86_64, r-release-macos-arm64, r-release-macos-x86_64, r-release-windows-ix86+x86_64