CRAN Package Check Results for Package valmetrics

Last updated on 2024-05-18 12:50:25 CEST.

Flavor Version Tinstall Tcheck Ttotal Status Flags
r-devel-linux-x86_64-debian-clang 1.0.0 3.22 28.61 31.83 NOTE
r-devel-linux-x86_64-debian-gcc 1.0.0 2.09 22.39 24.48 NOTE
r-devel-linux-x86_64-fedora-clang 1.0.0 41.03 NOTE
r-devel-linux-x86_64-fedora-gcc 1.0.0 55.50 NOTE
r-devel-windows-x86_64 1.0.0 3.00 50.00 53.00 NOTE
r-patched-linux-x86_64 1.0.0 3.69 27.71 31.40 NOTE
r-release-linux-x86_64 1.0.0 3.40 28.42 31.82 NOTE
r-release-macos-arm64 1.0.0 22.00 NOTE
r-release-windows-x86_64 1.0.0 3.00 51.00 54.00 NOTE
r-oldrel-macos-arm64 1.0.0 23.00 NOTE
r-oldrel-macos-x86_64 1.0.0 33.00 NOTE
r-oldrel-windows-x86_64 1.0.0 3.00 53.00 56.00 NOTE

Check Details

Version: 1.0.0
Check: LazyData
Result: NOTE 'LazyData' is specified without a 'data' directory Flavors: r-devel-linux-x86_64-debian-clang, r-devel-linux-x86_64-debian-gcc, r-devel-linux-x86_64-fedora-clang, r-devel-linux-x86_64-fedora-gcc, r-devel-windows-x86_64, r-patched-linux-x86_64, r-release-linux-x86_64, r-release-macos-arm64, r-release-windows-x86_64, r-oldrel-macos-arm64, r-oldrel-macos-x86_64, r-oldrel-windows-x86_64