Last updated on 2023-03-27 12:54:39 CEST.
Flavor | Version | Tinstall | Tcheck | Ttotal | Status | Flags |
---|---|---|---|---|---|---|
r-devel-linux-x86_64-debian-clang | 0.6.7 | 188.98 | 489.25 | 678.23 | OK | |
r-devel-linux-x86_64-debian-gcc | 0.6.7 | 168.72 | 374.50 | 543.22 | OK | |
r-devel-linux-x86_64-fedora-clang | 0.6.7 | 933.14 | OK | |||
r-devel-linux-x86_64-fedora-gcc | 0.6.7 | 939.39 | OK | |||
r-patched-linux-x86_64 | 0.6.7 | 184.92 | 465.41 | 650.33 | OK | |
r-release-linux-x86_64 | 0.6.7 | 128.00 | 462.17 | 590.17 | OK | |
r-release-macos-arm64 | 0.6.7 | 170.00 | NOTE | |||
r-release-macos-x86_64 | 0.6.7 | 287.00 | NOTE | |||
r-release-windows-x86_64 | 0.6.7 | 175.00 | 516.00 | 691.00 | OK | |
r-oldrel-macos-arm64 | 0.6.7 | 169.00 | NOTE | |||
r-oldrel-macos-x86_64 | 0.6.7 | 271.00 | NOTE | |||
r-oldrel-windows-ix86+x86_64 | 0.6.7 | 448.00 | 739.00 | 1187.00 | OK |
Version: 0.6.7
Check: installed package size
Result: NOTE
installed size is 7.0Mb
sub-directories of 1Mb or more:
libs 6.0Mb
Flavors: r-release-macos-arm64, r-release-macos-x86_64, r-oldrel-macos-arm64, r-oldrel-macos-x86_64