CRAN Package Check Results for Package vannstats

Last updated on 2021-12-07 23:54:47 CET.

Flavor Version Tinstall Tcheck Ttotal Status Flags
r-devel-linux-x86_64-debian-clang 1.0.7.15 7.83 63.23 71.06 OK
r-devel-linux-x86_64-debian-gcc 1.0.12.5 6.34 47.72 54.06 OK
r-devel-linux-x86_64-fedora-clang 1.0.12.5 84.76 NOTE
r-devel-linux-x86_64-fedora-gcc 1.0.12.5 75.85 NOTE
r-devel-windows-x86_64-new-UL 1.0.12.5 16.00 82.00 98.00 OK
r-devel-windows-x86_64-new-TK 1.0.7.15 NOTE
r-devel-windows-x86_64-old 1.0.7.15 13.00 57.00 70.00 OK
r-patched-linux-x86_64 1.0.12.5 7.79 57.94 65.73 OK
r-release-linux-x86_64 1.0.7.15 7.39 57.71 65.10 OK
r-release-macos-arm64 1.0.12.5 NOTE
r-release-macos-x86_64 1.0.12.5 NOTE
r-release-windows-ix86+x86_64 1.0.12.5 19.00 77.00 96.00 OK
r-oldrel-macos-x86_64 1.0.12.5 NOTE
r-oldrel-windows-ix86+x86_64 1.0.12.5 13.00 70.00 83.00 OK

Check Details

Version: 1.0.12.5
Check: dependencies in R code
Result: NOTE
    Namespaces in Imports field not imported from:
     ‘MASS’ ‘car’ ‘rlang’ ‘tidyverse’
     All declared Imports should be used.
Flavors: r-devel-linux-x86_64-fedora-clang, r-devel-linux-x86_64-fedora-gcc, r-release-macos-arm64, r-release-macos-x86_64, r-oldrel-macos-x86_64

Version: 1.0.12.5
Check: data for non-ASCII characters
Result: NOTE
     Note: found 2 marked UTF-8 strings
Flavors: r-devel-linux-x86_64-fedora-clang, r-devel-linux-x86_64-fedora-gcc, r-release-macos-arm64, r-release-macos-x86_64, r-oldrel-macos-x86_64

Version: 1.0.7.15
Check: dependencies in R code
Result: NOTE
    Namespaces in Imports field not imported from:
     'MASS' 'car' 'rlang' 'tidyverse'
     All declared Imports should be used.
Flavor: r-devel-windows-x86_64-new-TK