CRAN Package Check Results for Package varEst

Last updated on 2024-03-05 08:18:44 CET.

Flavor Version Tinstall Tcheck Ttotal Status Flags
r-devel-linux-x86_64-debian-clang 0.1.0 18.45 136.43 154.88 NOTE
r-devel-linux-x86_64-debian-gcc 0.1.0 13.62 99.81 113.43 NOTE
r-devel-linux-x86_64-fedora-clang 0.1.0 185.80 NOTE
r-devel-linux-x86_64-fedora-gcc 0.1.0 178.62 NOTE
r-devel-windows-x86_64 0.1.0 14.00 109.00 123.00 NOTE
r-patched-linux-x86_64 0.1.0 9.45 129.82 139.27 NOTE
r-release-linux-x86_64 0.1.0 11.54 129.62 141.16 NOTE
r-release-macos-arm64 0.1.0 54.00 NOTE
r-release-macos-x86_64 0.1.0 93.00 NOTE
r-release-windows-x86_64 0.1.0 18.00 132.00 150.00 NOTE
r-oldrel-macos-arm64 0.1.0 53.00 NOTE
r-oldrel-windows-x86_64 0.1.0 19.00 132.00 151.00 NOTE

Check Details

Version: 0.1.0
Check: LazyData
Result: NOTE 'LazyData' is specified without a 'data' directory Flavors: r-devel-linux-x86_64-debian-clang, r-devel-linux-x86_64-debian-gcc, r-devel-linux-x86_64-fedora-clang, r-devel-linux-x86_64-fedora-gcc, r-devel-windows-x86_64, r-patched-linux-x86_64, r-release-linux-x86_64, r-release-macos-arm64, r-release-macos-x86_64, r-release-windows-x86_64, r-oldrel-macos-arm64, r-oldrel-windows-x86_64