Last updated on 2023-05-28 04:56:30 CEST.
Flavor | Version | Tinstall | Tcheck | Ttotal | Status | Flags |
---|---|---|---|---|---|---|
r-devel-linux-x86_64-debian-clang | 0.4 | 7.48 | 130.54 | 138.02 | NOTE | |
r-devel-linux-x86_64-debian-gcc | 0.4 | 8.30 | 102.69 | 110.99 | NOTE | |
r-devel-linux-x86_64-fedora-clang | 0.4 | 188.97 | NOTE | |||
r-devel-linux-x86_64-fedora-gcc | 0.4 | 163.83 | NOTE | |||
r-devel-windows-x86_64 | 0.4 | 11.00 | 118.00 | 129.00 | NOTE | |
r-patched-linux-x86_64 | 0.4 | 8.48 | 124.07 | 132.55 | NOTE | |
r-release-linux-x86_64 | 0.4 | 7.95 | 124.01 | 131.96 | NOTE | |
r-release-macos-arm64 | 0.4 | 54.00 | NOTE | |||
r-release-macos-x86_64 | 0.4 | 76.00 | NOTE | |||
r-release-windows-x86_64 | 0.4 | 12.00 | 142.00 | 154.00 | NOTE | |
r-oldrel-macos-arm64 | 0.4 | 46.00 | NOTE | |||
r-oldrel-macos-x86_64 | 0.4 | 93.00 | NOTE | |||
r-oldrel-windows-x86_64 | 0.4 | 13.00 | 145.00 | 158.00 | NOTE |
Version: 0.4
Check: LazyData
Result: NOTE
'LazyData' is specified without a 'data' directory
Flavors: r-devel-linux-x86_64-debian-clang, r-devel-linux-x86_64-debian-gcc, r-devel-linux-x86_64-fedora-clang, r-devel-linux-x86_64-fedora-gcc, r-devel-windows-x86_64, r-patched-linux-x86_64, r-release-linux-x86_64, r-release-macos-arm64, r-release-macos-x86_64, r-release-windows-x86_64, r-oldrel-macos-arm64, r-oldrel-macos-x86_64, r-oldrel-windows-x86_64