CRAN Package Check Results for Package varSelRF

Last updated on 2023-12-07 07:50:50 CET.

Flavor Version Tinstall Tcheck Ttotal Status Flags
r-devel-linux-x86_64-debian-clang 0.7-8 2.90 41.21 44.11 NOTE
r-devel-linux-x86_64-debian-gcc 0.7-8 2.73 33.41 36.14 NOTE
r-devel-linux-x86_64-fedora-clang 0.7-8 56.96 NOTE
r-devel-linux-x86_64-fedora-gcc 0.7-8 54.38 NOTE
r-devel-windows-x86_64 0.7-8 3.00 55.00 58.00 NOTE
r-patched-linux-x86_64 0.7-8 3.92 40.65 44.57 NOTE
r-release-linux-x86_64 0.7-8 2.64 41.47 44.11 NOTE
r-release-macos-arm64 0.7-8 30.00 NOTE
r-release-macos-x86_64 0.7-8 33.00 NOTE
r-release-windows-x86_64 0.7-8 4.00 59.00 63.00 NOTE
r-oldrel-macos-arm64 0.7-8 23.00 OK
r-oldrel-macos-x86_64 0.7-8 29.00 OK
r-oldrel-windows-x86_64 0.7-8 5.00 62.00 67.00 OK

Check Details

Version: 0.7-8
Check: Rd files
Result: NOTE checkRd: (-1) randomVarImpsRFplot.Rd:97: Escaped LaTeX specials: \& checkRd: (-1) varSelImpSpecRF.Rd:83: Escaped LaTeX specials: \& Flavors: r-devel-linux-x86_64-debian-clang, r-devel-linux-x86_64-debian-gcc, r-devel-linux-x86_64-fedora-clang, r-devel-linux-x86_64-fedora-gcc, r-devel-windows-x86_64, r-patched-linux-x86_64, r-release-linux-x86_64, r-release-macos-arm64, r-release-macos-x86_64, r-release-windows-x86_64