CRAN Package Check Results for Package vardpoor

Last updated on 2021-09-23 08:51:27 CEST.

Flavor Version Tinstall Tcheck Ttotal Status Flags
r-devel-linux-x86_64-debian-clang 0.20.1 16.18 101.96 118.14 NOTE
r-devel-linux-x86_64-debian-gcc 0.20.1 11.95 73.22 85.17 NOTE
r-devel-linux-x86_64-fedora-clang 0.20.1 134.56 NOTE
r-devel-linux-x86_64-fedora-gcc 0.20.1 118.51 NOTE
r-devel-windows-x86_64 0.20.1 16.00 75.00 91.00 NOTE
r-devel-windows-x86_64-gcc10-UCRT 0.20.1 ERROR
r-patched-linux-x86_64 0.20.1 14.17 90.40 104.57 NOTE
r-patched-solaris-x86 0.20.1 146.50 NOTE
r-release-linux-x86_64 0.20.1 12.77 91.28 104.05 NOTE
r-release-macos-arm64 0.20.1 NOTE
r-release-macos-x86_64 0.20.1 NOTE
r-release-windows-ix86+x86_64 0.20.1 23.00 73.00 96.00 NOTE
r-oldrel-macos-x86_64 0.20.1 OK
r-oldrel-windows-ix86+x86_64 0.20.1 17.00 71.00 88.00 OK

Check Details

Version: 0.20.1
Check: LazyData
Result: NOTE
     'LazyData' is specified without a 'data' directory
Flavors: r-devel-linux-x86_64-debian-clang, r-devel-linux-x86_64-debian-gcc, r-devel-linux-x86_64-fedora-clang, r-devel-linux-x86_64-fedora-gcc, r-devel-windows-x86_64, r-devel-windows-x86_64-gcc10-UCRT, r-patched-linux-x86_64, r-patched-solaris-x86, r-release-linux-x86_64, r-release-macos-arm64, r-release-macos-x86_64, r-release-windows-ix86+x86_64

Version: 0.20.1
Check: PDF version of manual
Result: WARN
    LaTeX errors when creating PDF version.
    This typically indicates Rd problems.
Flavor: r-devel-windows-x86_64-gcc10-UCRT

Version: 0.20.1
Check: PDF version of manual without hyperrefs or index
Result: ERROR
    Re-running with no redirection of stdout/stderr.
Flavor: r-devel-windows-x86_64-gcc10-UCRT