Last updated on 2023-03-23 11:59:57 CET.
Flavor | Version | Tinstall | Tcheck | Ttotal | Status | Flags |
---|---|---|---|---|---|---|
r-devel-linux-x86_64-debian-clang | 1.0.1 | 34.14 | 83.59 | 117.73 | NOTE | |
r-devel-linux-x86_64-debian-gcc | 1.0.1 | 30.29 | 62.44 | 92.73 | NOTE | |
r-devel-linux-x86_64-fedora-clang | 1.0.1 | 160.18 | NOTE | |||
r-devel-linux-x86_64-fedora-gcc | 1.0.1 | 143.89 | NOTE | |||
r-patched-linux-x86_64 | 1.0.1 | 27.21 | 78.94 | 106.15 | OK | |
r-release-linux-x86_64 | 1.0.1 | 27.05 | 77.79 | 104.84 | OK | |
r-release-macos-arm64 | 1.0.1 | 43.00 | OK | |||
r-release-macos-x86_64 | 1.0.1 | 57.00 | OK | |||
r-release-windows-x86_64 | 1.0.1 | 32.00 | 143.00 | 175.00 | OK | |
r-oldrel-macos-arm64 | 1.0.1 | 51.00 | OK | |||
r-oldrel-macos-x86_64 | 1.0.1 | 60.00 | OK | |||
r-oldrel-windows-ix86+x86_64 | 1.0.1 | 80.00 | 157.00 | 237.00 | OK |
Version: 1.0.1
Check: package subdirectories
Result: NOTE
Problems with news in ‘NEWS.md’:
No news entries found.
Flavors: r-devel-linux-x86_64-debian-clang, r-devel-linux-x86_64-debian-gcc, r-devel-linux-x86_64-fedora-clang, r-devel-linux-x86_64-fedora-gcc