CRAN Package Check Results for Package vcfR

Last updated on 2021-11-27 07:50:06 CET.

Flavor Version Tinstall Tcheck Ttotal Status Flags
r-devel-linux-x86_64-debian-clang 1.12.0 OK
r-devel-linux-x86_64-debian-gcc 1.12.0 101.06 156.64 257.70 OK
r-devel-linux-x86_64-fedora-clang 1.12.0 493.37 NOTE
r-devel-linux-x86_64-fedora-gcc 1.12.0 445.03 OK
r-devel-windows-x86_64-new-UL 1.12.0 200.00 367.00 567.00 OK
r-devel-windows-x86_64-new-TK 1.12.0 OK
r-devel-windows-x86_64-old 1.12.0 140.00 270.00 410.00 OK
r-patched-linux-x86_64 1.12.0 129.47 202.72 332.19 OK
r-patched-solaris-x86 1.12.0 476.00 OK
r-release-linux-x86_64 1.12.0 OK
r-release-macos-arm64 1.12.0 NOTE
r-release-macos-x86_64 1.12.0 NOTE
r-release-windows-ix86+x86_64 1.12.0 349.00 294.00 643.00 OK
r-oldrel-macos-x86_64 1.12.0 NOTE
r-oldrel-windows-ix86+x86_64 1.12.0 347.00 402.00 749.00 OK

Check Details

Version: 1.12.0
Check: installed package size
Result: NOTE
     installed size is 7.2Mb
     sub-directories of 1Mb or more:
     libs 5.2Mb
Flavors: r-devel-linux-x86_64-fedora-clang, r-release-macos-arm64, r-release-macos-x86_64, r-oldrel-macos-x86_64