CRAN Package Check Results for Package vctrs

Last updated on 2021-10-21 20:52:53 CEST.

Flavor Version Tinstall Tcheck Ttotal Status Flags
r-devel-linux-x86_64-debian-clang 0.3.8 30.55 135.15 165.70 OK
r-devel-linux-x86_64-debian-gcc 0.3.8 20.58 98.77 119.35 OK
r-devel-linux-x86_64-fedora-clang 0.3.8 211.32 OK
r-devel-linux-x86_64-fedora-gcc 0.3.8 197.37 OK
r-devel-windows-x86_64 0.3.8 52.00 136.00 188.00 OK
r-devel-windows-x86_64-gcc10-UCRT 0.3.8 OK
r-patched-linux-x86_64 0.3.8 27.61 133.19 160.80 OK
r-patched-solaris-x86 0.3.8 272.40 OK
r-release-linux-x86_64 0.3.8 24.99 131.65 156.64 OK
r-release-macos-arm64 0.3.8 OK
r-release-macos-x86_64 0.3.8 OK
r-release-windows-ix86+x86_64 0.3.8 78.00 249.00 327.00 OK
r-oldrel-macos-x86_64 0.3.8 OK
r-oldrel-windows-ix86+x86_64 0.3.8 1.00 9.00 10.00 ERROR

Check Details

Version: 0.3.8
Check: whether package can be installed
Result: ERROR
    Installation failed.
Flavor: r-oldrel-windows-ix86+x86_64