Last updated on 2023-05-30 17:00:20 CEST.
Flavor | Version | Tinstall | Tcheck | Ttotal | Status | Flags |
---|---|---|---|---|---|---|
r-devel-linux-x86_64-debian-clang | 0.2.1 | 7.67 | 123.40 | 131.07 | OK | |
r-devel-linux-x86_64-debian-gcc | 0.2.1 | 6.19 | 96.81 | 103.00 | OK | |
r-devel-linux-x86_64-fedora-clang | 0.2.1 | 159.59 | OK | |||
r-devel-linux-x86_64-fedora-gcc | 0.2.1 | 163.02 | OK | |||
r-devel-windows-x86_64 | 0.2.1 | 9.00 | 119.00 | 128.00 | OK | |
r-patched-linux-x86_64 | 0.2.1 | 7.56 | 116.83 | 124.39 | OK | |
r-release-linux-x86_64 | 0.2.1 | 4.94 | 116.01 | 120.95 | OK | |
r-release-macos-arm64 | 0.2.1 | 54.00 | OK | |||
r-release-macos-x86_64 | 0.2.0 | 83.00 | NOTE | |||
r-release-windows-x86_64 | 0.2.1 | 12.00 | 148.00 | 160.00 | OK | |
r-oldrel-macos-arm64 | 0.2.1 | 49.00 | OK | |||
r-oldrel-macos-x86_64 | 0.2.1 | 75.00 | OK | |||
r-oldrel-windows-x86_64 | 0.2.1 | 10.00 | 144.00 | 154.00 | OK |
Version: 0.2.0
Check: package dependencies
Result: NOTE
Package suggested but not available for checking: ‘stacks’
Flavor: r-release-macos-x86_64