CRAN Package Check Results for Package viafr

Last updated on 2021-11-29 07:51:27 CET.

Flavor Version Tinstall Tcheck Ttotal Status Flags
r-devel-linux-x86_64-debian-clang 0.2.0 OK
r-devel-linux-x86_64-debian-gcc 0.2.0 3.27 41.31 44.58 OK
r-devel-linux-x86_64-fedora-clang 0.2.0 85.66 NOTE
r-devel-linux-x86_64-fedora-gcc 0.2.0 71.06 NOTE
r-devel-windows-x86_64-new-UL 0.2.0 11.00 107.00 118.00 OK
r-devel-windows-x86_64-new-TK 0.2.0 ERROR
r-devel-windows-x86_64-old 0.2.0 7.00 80.00 87.00 OK
r-patched-linux-x86_64 0.2.0 4.42 51.77 56.19 OK
r-patched-solaris-x86 0.2.0 102.20 NOTE
r-release-linux-x86_64 0.2.0 4.22 51.35 55.57 OK
r-release-macos-arm64 0.2.0 NOTE
r-release-macos-x86_64 0.2.0 NOTE
r-release-windows-ix86+x86_64 0.2.0 12.00 87.00 99.00 OK
r-oldrel-macos-x86_64 0.2.0 NOTE
r-oldrel-windows-ix86+x86_64 0.2.0 11.00 92.00 103.00 OK

Check Details

Version: 0.2.0
Check: data for non-ASCII characters
Result: NOTE
     Note: found 2 marked UTF-8 strings
Flavors: r-devel-linux-x86_64-fedora-clang, r-devel-linux-x86_64-fedora-gcc, r-devel-windows-x86_64-new-TK, r-patched-solaris-x86, r-release-macos-arm64, r-release-macos-x86_64, r-oldrel-macos-x86_64

Version: 0.2.0
Check: tests
Result: ERROR
     Running 'testthat.R'
    Running the tests in 'tests/testthat.R' failed.
    Complete output:
     > library(testthat)
     > library(viafr)
     >
     > test_check("viafr")
     ══ Failed tests ════════════════════════════════════════════════════════════════
     ── Failure (test_get.R:4:3): query list ────────────────────────────────────────
     unlist(viaf_get(list("102333412"))) not equal to unlist(viaf_get("102333412")).
     4/2650 mismatches
     x[2291]: "fre"
     y[2291]: "liteng"
    
     x[2292]: "liteng"
     y[2292]: "fre"
    
     x[2485]: "0"
     y[2485]: NA
    
     x[2486]: NA
     y[2486]: "0"
    
     [ FAIL 1 | WARN 31 | SKIP 0 | PASS 43 ]
     Error: Test failures
     Execution halted
Flavor: r-devel-windows-x86_64-new-TK