CRAN Package Check Results for Package visvow

Last updated on 2021-12-04 16:50:36 CET.

Flavor Version Tinstall Tcheck Ttotal Status Flags
r-devel-linux-x86_64-debian-clang 1.3.3 23.63 173.33 196.96 OK
r-devel-linux-x86_64-debian-gcc 1.3.3 19.13 128.36 147.49 OK
r-devel-linux-x86_64-fedora-clang 1.3.3 257.90 NOTE
r-devel-linux-x86_64-fedora-gcc 1.3.3 228.23 OK
r-devel-windows-x86_64-new-UL 1.3.3 34.00 200.00 234.00 OK
r-devel-windows-x86_64-new-TK 1.3.3 OK
r-devel-windows-x86_64-old 1.3.3 29.00 122.00 151.00 OK
r-patched-linux-x86_64 1.3.3 17.78 156.15 173.93 OK
r-release-linux-x86_64 1.3.3 24.44 160.04 184.48 OK
r-release-macos-arm64 1.3.3 OK
r-release-macos-x86_64 1.3.3 OK
r-release-windows-ix86+x86_64 1.3.3 37.00 166.00 203.00 OK
r-oldrel-macos-x86_64 1.3.3 OK
r-oldrel-windows-ix86+x86_64 1.3.3 36.00 166.00 202.00 OK

Check Details

Version: 1.3.3
Check: package dependencies
Result: NOTE
    Imports includes 23 non-default packages.
    Importing from so many packages makes the package vulnerable to any of
    them becoming unavailable. Move as many as possible to Suggests and
    use conditionally.
Flavor: r-devel-linux-x86_64-fedora-clang