CRAN Package Check Results for Package vita

Last updated on 2024-02-27 04:07:22 CET.

Flavor Version Tinstall Tcheck Ttotal Status Flags
r-devel-linux-x86_64-debian-clang 1.0.0 35.33 44.65 79.98 NOTE
r-devel-linux-x86_64-debian-gcc 1.0.0 28.71 34.29 63.00 NOTE
r-devel-linux-x86_64-fedora-clang 1.0.0 108.47 NOTE
r-devel-linux-x86_64-fedora-gcc 1.0.0 107.22 NOTE
r-devel-windows-x86_64 1.0.0 27.00 75.00 102.00 NOTE
r-patched-linux-x86_64 1.0.0 31.85 43.29 75.14 NOTE
r-release-linux-x86_64 1.0.0 34.58 42.81 77.39 NOTE
r-release-macos-arm64 1.0.0 34.00 NOTE
r-release-macos-x86_64 1.0.0 52.00 NOTE
r-release-windows-x86_64 1.0.0 28.00 82.00 110.00 NOTE
r-oldrel-macos-arm64 1.0.0 34.00 NOTE
r-oldrel-windows-x86_64 1.0.0 33.00 84.00 117.00 NOTE

Check Details

Version: 1.0.0
Check: LazyData
Result: NOTE 'LazyData' is specified without a 'data' directory Flavors: r-devel-linux-x86_64-debian-clang, r-devel-linux-x86_64-debian-gcc, r-devel-linux-x86_64-fedora-clang, r-devel-linux-x86_64-fedora-gcc, r-devel-windows-x86_64, r-patched-linux-x86_64, r-release-linux-x86_64, r-release-macos-arm64, r-release-macos-x86_64, r-release-windows-x86_64, r-oldrel-macos-arm64, r-oldrel-windows-x86_64

Version: 1.0.0
Check: compiled code
Result: NOTE File ‘vita/libs/vita.so’: Found no calls to: ‘R_registerRoutines’, ‘R_useDynamicSymbols’ It is good practice to register native routines and to disable symbol search. See ‘Writing portable packages’ in the ‘Writing R Extensions’ manual. Flavors: r-devel-linux-x86_64-fedora-clang, r-devel-linux-x86_64-fedora-gcc