CRAN Package Check Results for Package vitae

Last updated on 2021-11-27 19:49:53 CET.

Flavor Version Tinstall Tcheck Ttotal Status Flags
r-devel-linux-x86_64-debian-clang 0.4.2 NOTE
r-devel-linux-x86_64-debian-gcc 0.4.2 4.22 40.26 44.48 NOTE
r-devel-linux-x86_64-fedora-clang 0.4.2 85.79 NOTE
r-devel-linux-x86_64-fedora-gcc 0.4.2 70.07 NOTE
r-devel-windows-x86_64-new-UL 0.4.2 18.00 106.00 124.00 NOTE
r-devel-windows-x86_64-new-TK 0.4.2 NOTE
r-devel-windows-x86_64-old 0.4.2 7.00 77.00 84.00 NOTE
r-patched-linux-x86_64 0.4.2 5.93 49.40 55.33 NOTE
r-patched-solaris-x86 0.4.2 98.90 NOTE
r-release-linux-x86_64 0.4.2 NOTE
r-release-macos-arm64 0.4.2 NOTE
r-release-macos-x86_64 0.4.2 NOTE
r-release-windows-ix86+x86_64 0.4.2 13.00 56.00 69.00 NOTE
r-oldrel-macos-x86_64 0.4.2 OK
r-oldrel-windows-ix86+x86_64 0.4.2 27.00 72.00 99.00 OK

Check Details

Version: 0.4.2
Check: LazyData
Result: NOTE
     'LazyData' is specified without a 'data' directory
Flavors: r-devel-linux-x86_64-debian-clang, r-devel-linux-x86_64-debian-gcc, r-devel-linux-x86_64-fedora-clang, r-devel-linux-x86_64-fedora-gcc, r-devel-windows-x86_64-new-UL, r-devel-windows-x86_64-new-TK, r-devel-windows-x86_64-old, r-patched-linux-x86_64, r-patched-solaris-x86, r-release-linux-x86_64, r-release-macos-arm64, r-release-macos-x86_64, r-release-windows-ix86+x86_64