Last updated on 2023-06-06 21:01:08 CEST.
Flavor | Version | Tinstall | Tcheck | Ttotal | Status | Flags |
---|---|---|---|---|---|---|
r-devel-linux-x86_64-debian-clang | 1.0.1 | 3.33 | 104.66 | 107.99 | OK | |
r-devel-linux-x86_64-debian-gcc | 1.0.1 | 3.46 | 78.74 | 82.20 | OK | |
r-devel-linux-x86_64-fedora-clang | 1.0.1 | 137.67 | NOTE | |||
r-devel-linux-x86_64-fedora-gcc | 1.0.1 | 141.52 | OK | |||
r-devel-windows-x86_64 | 1.0.1 | 6.00 | 99.00 | 105.00 | NOTE | |
r-patched-linux-x86_64 | 1.0.1 | 3.98 | 102.27 | 106.25 | OK | |
r-release-linux-x86_64 | 1.0.1 | 2.71 | 99.47 | 102.18 | OK | |
r-release-macos-arm64 | 1.0.1 | 53.00 | NOTE | |||
r-release-macos-x86_64 | 1.0.1 | 76.00 | NOTE | |||
r-release-windows-x86_64 | 1.0.1 | 7.00 | 121.00 | 128.00 | NOTE | |
r-oldrel-macos-arm64 | 1.0.1 | 44.00 | NOTE | |||
r-oldrel-macos-x86_64 | 1.0.1 | 68.00 | NOTE | |||
r-oldrel-windows-x86_64 | 1.0.1 | 7.00 | 119.00 | 126.00 | NOTE |
Version: 1.0.1
Check: installed package size
Result: NOTE
installed size is 6.8Mb
sub-directories of 1Mb or more:
doc 5.4Mb
extdata 1.1Mb
Flavors: r-devel-linux-x86_64-fedora-clang, r-devel-windows-x86_64, r-release-macos-arm64, r-release-macos-x86_64, r-release-windows-x86_64, r-oldrel-macos-arm64, r-oldrel-macos-x86_64, r-oldrel-windows-x86_64