Last updated on 2023-03-31 20:50:29 CEST.
Flavor | Version | Tinstall | Tcheck | Ttotal | Status | Flags |
---|---|---|---|---|---|---|
r-devel-linux-x86_64-debian-clang | 0.2.2 | 148.28 | 65.31 | 213.59 | NOTE | |
r-devel-linux-x86_64-debian-gcc | 0.2.2 | 111.17 | 48.64 | 159.81 | NOTE | |
r-devel-linux-x86_64-fedora-clang | 0.2.2 | 317.19 | NOTE | |||
r-devel-linux-x86_64-fedora-gcc | 0.2.2 | 270.47 | NOTE | |||
r-patched-linux-x86_64 | 0.2.2 | 111.88 | 61.14 | 173.02 | NOTE | |
r-release-linux-x86_64 | 0.2.2 | 105.98 | 60.75 | 166.73 | OK | |
r-release-macos-arm64 | 0.2.2 | 67.00 | NOTE | |||
r-release-macos-x86_64 | 0.2.2 | 111.00 | NOTE | |||
r-release-windows-x86_64 | 0.2.2 | 271.00 | 132.00 | 403.00 | OK | |
r-oldrel-macos-arm64 | 0.2.2 | 70.00 | NOTE | |||
r-oldrel-macos-x86_64 | 0.2.2 | 115.00 | OK | |||
r-oldrel-windows-ix86+x86_64 | 0.2.2 | 354.00 | 130.00 | 484.00 | OK |
Version: 0.2.2
Check: C++ specification
Result: NOTE
Specified C++11: please drop specification unless essential
Flavors: r-devel-linux-x86_64-debian-clang, r-devel-linux-x86_64-debian-gcc, r-devel-linux-x86_64-fedora-clang, r-devel-linux-x86_64-fedora-gcc, r-patched-linux-x86_64
Version: 0.2.2
Check: installed package size
Result: NOTE
installed size is 5.0Mb
sub-directories of 1Mb or more:
libs 4.5Mb
Flavors: r-release-macos-arm64, r-release-macos-x86_64, r-oldrel-macos-arm64