CRAN Package Check Results for Package voi

Last updated on 2024-04-21 12:54:17 CEST.

Flavor Version Tinstall Tcheck Ttotal Status Flags
r-devel-linux-x86_64-debian-clang 1.0.2 16.33 418.48 434.81 NOTE
r-devel-linux-x86_64-debian-gcc 1.0.2 12.82 290.54 303.36 NOTE
r-devel-linux-x86_64-fedora-clang 1.0.2 526.83 NOTE
r-devel-linux-x86_64-fedora-gcc 1.0.2 494.29 OK
r-prerel-macos-arm64 1.0.2 131.00 NOTE
r-prerel-windows-x86_64 1.0.2 15.00 268.00 283.00 OK
r-patched-linux-x86_64 1.0.2 20.44 385.96 406.40 NOTE
r-release-linux-x86_64 1.0.2 16.05 393.92 409.97 NOTE
r-release-macos-arm64 1.0.2 145.00 NOTE
r-release-macos-x86_64 1.0.2 351.00 NOTE
r-release-windows-x86_64 1.0.2 19.00 359.00 378.00 NOTE
r-oldrel-macos-arm64 1.0.2 140.00 NOTE
r-oldrel-windows-x86_64 1.0.2 19.00 360.00 379.00 NOTE

Check Details

Version: 1.0.2
Check: package dependencies
Result: NOTE Package suggested but not available for checking: ‘INLA’ Flavors: r-devel-linux-x86_64-debian-clang, r-devel-linux-x86_64-debian-gcc, r-prerel-macos-arm64, r-patched-linux-x86_64, r-release-linux-x86_64, r-release-macos-arm64, r-release-macos-x86_64, r-release-windows-x86_64, r-oldrel-macos-arm64, r-oldrel-windows-x86_64

Version: 1.0.2
Check: Rd cross-references
Result: NOTE Package unavailable to check Rd xrefs: ‘INLA’ Flavors: r-devel-linux-x86_64-debian-clang, r-devel-linux-x86_64-debian-gcc, r-prerel-macos-arm64, r-patched-linux-x86_64, r-release-linux-x86_64, r-release-macos-arm64, r-release-macos-x86_64, r-release-windows-x86_64, r-oldrel-macos-arm64, r-oldrel-windows-x86_64

Version: 1.0.2
Check: installed package size
Result: NOTE installed size is 5.0Mb sub-directories of 1Mb or more: data 2.6Mb Flavor: r-devel-linux-x86_64-fedora-clang