CRAN Package Check Results for Package vol2birdR

Last updated on 2024-03-01 07:53:06 CET.

Flavor Version Tinstall Tcheck Ttotal Status Flags
r-devel-linux-x86_64-debian-clang 1.0.2 129.85 79.39 209.24 NOTE
r-devel-linux-x86_64-debian-gcc 1.0.2 109.19 59.77 168.96 NOTE
r-devel-linux-x86_64-fedora-clang 1.0.2 268.37 NOTE
r-devel-linux-x86_64-fedora-gcc 1.0.2 296.87 NOTE
r-devel-windows-x86_64 1.0.2 177.00 247.00 424.00 NOTE
r-patched-linux-x86_64 1.0.2 131.61 77.08 208.69 NOTE
r-release-linux-x86_64 1.0.2 131.25 77.54 208.79 NOTE
r-release-macos-arm64 1.0.2 99.00 NOTE
r-release-macos-x86_64 1.0.2 153.00 NOTE
r-release-windows-x86_64 1.0.2 226.00 299.00 525.00 NOTE
r-oldrel-macos-arm64 1.0.2 90.00 NOTE
r-oldrel-windows-x86_64 1.0.2 327.00 12.00 339.00 ERROR

Check Details

Version: 1.0.2
Check: for GNU extensions in Makefiles
Result: NOTE GNU make is a SystemRequirements. Flavors: r-devel-linux-x86_64-debian-clang, r-devel-linux-x86_64-debian-gcc, r-devel-linux-x86_64-fedora-clang, r-devel-linux-x86_64-fedora-gcc, r-devel-windows-x86_64, r-patched-linux-x86_64, r-release-linux-x86_64, r-release-macos-arm64, r-release-macos-x86_64, r-release-windows-x86_64, r-oldrel-macos-arm64

Version: 1.0.2
Check: installed package size
Result: NOTE installed size is 21.8Mb sub-directories of 1Mb or more: extdata 1.6Mb libs 19.9Mb Flavors: r-devel-windows-x86_64, r-release-macos-arm64, r-release-macos-x86_64, r-release-windows-x86_64, r-oldrel-macos-arm64

Version: 1.0.2
Check: whether package can be installed
Result: ERROR Installation failed. Flavor: r-oldrel-windows-x86_64