Last updated on 2023-06-05 01:52:21 CEST.
Flavor | Version | Tinstall | Tcheck | Ttotal | Status | Flags |
---|---|---|---|---|---|---|
r-devel-linux-x86_64-debian-clang | 0.2.0 | 2.89 | 39.23 | 42.12 | OK | |
r-devel-linux-x86_64-debian-gcc | 0.2.0 | 2.04 | 31.35 | 33.39 | OK | |
r-devel-linux-x86_64-fedora-clang | 0.2.0 | 53.36 | NOTE | |||
r-devel-linux-x86_64-fedora-gcc | 0.2.0 | 62.44 | NOTE | |||
r-devel-windows-x86_64 | 0.2.0 | 4.00 | 58.00 | 62.00 | OK | |
r-patched-linux-x86_64 | 0.2.0 | 2.33 | 38.82 | 41.15 | OK | |
r-release-linux-x86_64 | 0.2.0 | 2.65 | 38.16 | 40.81 | OK | |
r-release-macos-arm64 | 0.2.0 | 28.00 | OK | |||
r-release-macos-x86_64 | 0.2.0 | 44.00 | OK | |||
r-release-windows-x86_64 | 0.2.0 | 5.00 | 62.00 | 67.00 | OK | |
r-oldrel-macos-arm64 | 0.2.0 | 28.00 | OK | |||
r-oldrel-macos-x86_64 | 0.2.0 | 32.00 | NOTE | |||
r-oldrel-windows-x86_64 | 0.2.0 | 5.00 | 63.00 | 68.00 | OK |
Version: 0.2.0
Check: data for non-ASCII characters
Result: NOTE
Note: found 4954 marked UTF-8 strings
Flavors: r-devel-linux-x86_64-fedora-clang, r-devel-linux-x86_64-fedora-gcc, r-oldrel-macos-x86_64