Last updated on 2023-06-09 04:53:17 CEST.
Flavor | Version | Tinstall | Tcheck | Ttotal | Status | Flags |
---|---|---|---|---|---|---|
r-devel-linux-x86_64-debian-clang | 0.2.3 | 16.98 | 102.80 | 119.78 | OK | |
r-devel-linux-x86_64-debian-gcc | 0.2.3 | 13.43 | 77.49 | 90.92 | OK | |
r-devel-linux-x86_64-fedora-clang | 0.2.3 | 152.00 | NOTE | |||
r-devel-linux-x86_64-fedora-gcc | 0.2.3 | 156.78 | NOTE | |||
r-devel-windows-x86_64 | 0.2.3 | 21.00 | 100.00 | 121.00 | NOTE | |
r-patched-linux-x86_64 | 0.2.3 | 18.52 | 96.09 | 114.61 | OK | |
r-release-linux-x86_64 | 0.2.3 | 10.73 | 96.60 | 107.33 | OK | |
r-release-macos-arm64 | 0.2.3 | 52.00 | NOTE | |||
r-release-macos-x86_64 | 0.2.3 | 85.00 | NOTE | |||
r-release-windows-x86_64 | 0.2.3 | 24.00 | 116.00 | 140.00 | NOTE | |
r-oldrel-macos-arm64 | 0.2.3 | 48.00 | NOTE | |||
r-oldrel-macos-x86_64 | 0.2.3 | 68.00 | NOTE | |||
r-oldrel-windows-x86_64 | 0.2.3 | 25.00 | 110.00 | 135.00 | NOTE |
Version: 0.2.3
Check: installed package size
Result: NOTE
installed size is 9.9Mb
sub-directories of 1Mb or more:
extdata 8.6Mb
Flavors: r-devel-linux-x86_64-fedora-clang, r-devel-windows-x86_64, r-release-macos-arm64, r-release-macos-x86_64, r-release-windows-x86_64, r-oldrel-macos-arm64, r-oldrel-macos-x86_64, r-oldrel-windows-x86_64
Version: 0.2.3
Check: dependencies in R code
Result: NOTE
Namespace in Imports field not imported from: ‘usethis’
All declared Imports should be used.
Flavors: r-devel-linux-x86_64-fedora-clang, r-devel-linux-x86_64-fedora-gcc, r-oldrel-macos-arm64, r-oldrel-macos-x86_64