CRAN Package Check Results for Package vroom

Last updated on 2021-11-30 19:51:41 CET.

Flavor Version Tinstall Tcheck Ttotal Status Flags
r-devel-linux-x86_64-debian-clang 1.5.6 121.24 98.57 219.81 OK
r-devel-linux-x86_64-debian-gcc 1.5.6 101.86 73.12 174.98 OK
r-devel-linux-x86_64-fedora-clang 1.5.7 321.62 NOTE
r-devel-linux-x86_64-fedora-gcc 1.5.7 328.53 OK
r-devel-windows-x86_64-new-UL 1.5.6 189.00 253.00 442.00 OK
r-devel-windows-x86_64-new-TK 1.5.6 OK
r-devel-windows-x86_64-old 1.5.6 170.00 105.00 275.00 OK
r-patched-linux-x86_64 1.5.6 119.37 92.87 212.24 OK
r-patched-solaris-x86 1.5.6 259.40 NOTE
r-release-linux-x86_64 1.5.6 118.36 92.19 210.55 OK
r-release-macos-arm64 1.5.6 NOTE
r-release-macos-x86_64 1.5.6 NOTE
r-release-windows-ix86+x86_64 1.5.6 324.00 147.00 471.00 OK
r-oldrel-macos-x86_64 1.5.6 NOTE
r-oldrel-windows-ix86+x86_64 1.5.6 245.00 149.00 394.00 OK

Additional issues

clang-UBSAN gcc-UBSAN

Check Details

Version: 1.5.7
Check: installed package size
Result: NOTE
     installed size is 9.8Mb
     sub-directories of 1Mb or more:
     libs 8.4Mb
Flavor: r-devel-linux-x86_64-fedora-clang

Version: 1.5.7
Check: Rd cross-references
Result: NOTE
    Undeclared package ‘readr’ in Rd xrefs
Flavor: r-devel-linux-x86_64-fedora-clang

Version: 1.5.6
Check: package dependencies
Result: NOTE
    Package suggested but not available for checking: ‘archive’
Flavor: r-patched-solaris-x86

Version: 1.5.6
Check: installed package size
Result: NOTE
     installed size is 11.5Mb
     sub-directories of 1Mb or more:
     libs 10.0Mb
Flavors: r-release-macos-arm64, r-release-macos-x86_64, r-oldrel-macos-x86_64