CRAN Package Check Results for Package vroom

Last updated on 2024-03-04 19:54:28 CET.

Flavor Version Tinstall Tcheck Ttotal Status Flags
r-devel-linux-x86_64-debian-clang 1.6.5 152.55 126.65 279.20 OK
r-devel-linux-x86_64-debian-gcc 1.6.5 130.45 96.31 226.76 OK
r-devel-linux-x86_64-fedora-clang 1.6.5 349.17 NOTE
r-devel-linux-x86_64-fedora-gcc 1.6.5 397.54 OK
r-devel-windows-x86_64 1.6.5 131.00 150.00 281.00 OK
r-patched-linux-x86_64 1.6.5 151.00 121.94 272.94 OK
r-release-linux-x86_64 1.6.5 149.98 120.39 270.37 OK
r-release-macos-arm64 1.6.5 94.00 NOTE
r-release-macos-x86_64 1.6.5 135.00 NOTE
r-release-windows-x86_64 1.6.5 164.00 174.00 338.00 OK
r-oldrel-macos-arm64 1.6.5 99.00 NOTE
r-oldrel-windows-x86_64 1.6.5 141.00 174.00 315.00 OK

Check Details

Version: 1.6.5
Check: Rd cross-references
Result: NOTE Undeclared package ‘readr’ in Rd xrefs Flavor: r-devel-linux-x86_64-fedora-clang

Version: 1.6.5
Check: installed package size
Result: NOTE installed size is 9.9Mb sub-directories of 1Mb or more: libs 8.4Mb Flavors: r-release-macos-arm64, r-release-macos-x86_64, r-oldrel-macos-arm64