CRAN Package Check Results for Package wactor

Last updated on 2021-12-01 15:52:15 CET.

Flavor Version Tinstall Tcheck Ttotal Status Flags
r-devel-linux-x86_64-debian-clang 0.0.1 2.83 38.98 41.81 NOTE
r-devel-linux-x86_64-debian-gcc 0.0.1 2.42 30.35 32.77 NOTE
r-devel-linux-x86_64-fedora-clang 0.0.1 62.07 NOTE
r-devel-linux-x86_64-fedora-gcc 0.0.1 50.50 NOTE
r-devel-windows-x86_64-new-UL 0.0.1 9.00 75.00 84.00 NOTE
r-devel-windows-x86_64-new-TK 0.0.1 NOTE
r-devel-windows-x86_64-old 0.0.1 6.00 43.00 49.00 NOTE
r-patched-linux-x86_64 0.0.1 2.75 35.77 38.52 NOTE
r-patched-solaris-x86 0.0.1 72.20 NOTE
r-release-linux-x86_64 0.0.1 3.28 35.38 38.66 NOTE
r-release-macos-arm64 0.0.1 NOTE
r-release-macos-x86_64 0.0.1 NOTE
r-release-windows-ix86+x86_64 0.0.1 9.00 57.00 66.00 NOTE
r-oldrel-macos-x86_64 0.0.1 NOTE
r-oldrel-windows-ix86+x86_64 0.0.1 5.00 41.00 46.00 OK

Check Details

Version: 0.0.1
Check: LazyData
Result: NOTE
     'LazyData' is specified without a 'data' directory
Flavors: r-devel-linux-x86_64-debian-clang, r-devel-linux-x86_64-debian-gcc, r-devel-linux-x86_64-fedora-clang, r-devel-linux-x86_64-fedora-gcc, r-devel-windows-x86_64-new-UL, r-devel-windows-x86_64-new-TK, r-devel-windows-x86_64-old, r-patched-linux-x86_64, r-patched-solaris-x86, r-release-linux-x86_64, r-release-macos-arm64, r-release-macos-x86_64, r-release-windows-ix86+x86_64

Version: 0.0.1
Check: dependencies in R code
Result: NOTE
    Namespaces in Imports field not imported from:
     ‘Matrix’ ‘R6’
     All declared Imports should be used.
Flavors: r-devel-linux-x86_64-fedora-clang, r-devel-linux-x86_64-fedora-gcc, r-devel-windows-x86_64-new-TK, r-patched-solaris-x86, r-release-macos-arm64, r-release-macos-x86_64, r-oldrel-macos-x86_64