Last updated on 2023-03-29 04:51:35 CEST.
Flavor | Version | Tinstall | Tcheck | Ttotal | Status | Flags |
---|---|---|---|---|---|---|
r-devel-linux-x86_64-debian-clang | 1.0.6-1 | 511.85 | 224.94 | 736.79 | NOTE | |
r-devel-linux-x86_64-debian-gcc | 1.0.6-1 | 467.40 | 198.05 | 665.45 | NOTE | |
r-devel-linux-x86_64-fedora-clang | 1.0.6-1 | 933.92 | NOTE | |||
r-devel-linux-x86_64-fedora-gcc | 1.0.6-1 | 1110.42 | NOTE | |||
r-patched-linux-x86_64 | 1.0.6-1 | 452.19 | 252.05 | 704.24 | NOTE | |
r-release-linux-x86_64 | 1.0.6-1 | 391.45 | 242.63 | 634.08 | NOTE | |
r-release-macos-arm64 | 1.0.6-1 | 232.00 | NOTE | |||
r-release-macos-x86_64 | 1.0.6-1 | 372.00 | NOTE | |||
r-release-windows-x86_64 | 1.0.6-1 | 339.00 | 314.00 | 653.00 | NOTE | |
r-oldrel-macos-arm64 | 1.0.6-1 | 230.00 | NOTE | |||
r-oldrel-macos-x86_64 | 1.0.6-1 | 372.00 | NOTE | |||
r-oldrel-windows-ix86+x86_64 | 1.0.6-1 | 1149.00 | 388.00 | 1537.00 | NOTE |
Version: 1.0.6-1
Check: C++ specification
Result: NOTE
Specified C++14: please drop specification unless essential
Flavors: r-devel-linux-x86_64-debian-clang, r-devel-linux-x86_64-debian-gcc, r-devel-linux-x86_64-fedora-clang, r-devel-linux-x86_64-fedora-gcc, r-patched-linux-x86_64
Version: 1.0.6-1
Check: for GNU extensions in Makefiles
Result: NOTE
GNU make is a SystemRequirements.
Flavors: r-devel-linux-x86_64-debian-clang, r-devel-linux-x86_64-debian-gcc, r-devel-linux-x86_64-fedora-clang, r-devel-linux-x86_64-fedora-gcc, r-patched-linux-x86_64, r-release-linux-x86_64, r-release-macos-arm64, r-release-macos-x86_64, r-release-windows-x86_64, r-oldrel-macos-arm64, r-oldrel-macos-x86_64, r-oldrel-windows-ix86+x86_64
Version: 1.0.6-1
Check: installed package size
Result: NOTE
installed size is 6.6Mb
sub-directories of 1Mb or more:
libs 5.2Mb
Flavors: r-devel-linux-x86_64-fedora-clang, r-release-macos-arm64, r-release-macos-x86_64, r-release-windows-x86_64, r-oldrel-macos-arm64, r-oldrel-macos-x86_64, r-oldrel-windows-ix86+x86_64