CRAN Package Check Results for Package warabandi

Last updated on 2022-01-22 07:53:01 CET.

Flavor Version Tinstall Tcheck Ttotal Status Flags
r-devel-linux-x86_64-debian-clang 0.1.0 2.26 36.75 39.01 OK
r-devel-linux-x86_64-debian-gcc 0.1.0 1.83 28.66 30.49 OK
r-devel-linux-x86_64-fedora-clang 0.1.0 48.78 NOTE
r-devel-linux-x86_64-fedora-gcc 0.1.0 37.42 NOTE
r-devel-windows-x86_64-new-UL 0.1.0 19.00 59.00 78.00 OK
r-devel-windows-x86_64-new-TK 0.1.0 NOTE
r-patched-linux-x86_64 0.1.0 2.06 34.49 36.55 OK
r-release-linux-x86_64 0.1.0 2.29 34.99 37.28 OK
r-release-macos-arm64 0.1.0 NOTE
r-release-macos-x86_64 0.1.0 NOTE
r-release-windows-ix86+x86_64 0.1.0 7.00 46.00 53.00 OK
r-oldrel-macos-x86_64 0.1.0 NOTE
r-oldrel-windows-ix86+x86_64 0.1.0 7.00 46.00 53.00 OK

Check Details

Version: 0.1.0
Check: dependencies in R code
Result: NOTE
    Namespace in Imports field not imported from: ‘flextable’
     All declared Imports should be used.
Flavors: r-devel-linux-x86_64-fedora-clang, r-devel-linux-x86_64-fedora-gcc, r-devel-windows-x86_64-new-TK, r-release-macos-arm64, r-release-macos-x86_64, r-oldrel-macos-x86_64