CRAN Package Check Results for Package warpMix

Last updated on 2023-06-05 16:55:11 CEST.

Flavor Version Tinstall Tcheck Ttotal Status Flags
r-devel-linux-x86_64-debian-clang 0.1.0 16.93 139.44 156.37 NOTE
r-devel-linux-x86_64-debian-gcc 0.1.0 14.85 103.04 117.89 NOTE
r-devel-linux-x86_64-fedora-clang 0.1.0 194.91 NOTE
r-devel-linux-x86_64-fedora-gcc 0.1.0 180.56 NOTE
r-devel-windows-x86_64 0.1.0 14.00 106.00 120.00 NOTE
r-patched-linux-x86_64 0.1.0 17.57 128.95 146.52 NOTE
r-release-linux-x86_64 0.1.0 16.43 129.37 145.80 NOTE
r-release-macos-arm64 0.1.0 55.00 NOTE
r-release-macos-x86_64 0.1.0 88.00 NOTE
r-release-windows-x86_64 0.1.0 20.00 130.00 150.00 NOTE
r-oldrel-macos-arm64 0.1.0 50.00 NOTE
r-oldrel-macos-x86_64 0.1.0 87.00 NOTE
r-oldrel-windows-x86_64 0.1.0 20.00 128.00 148.00 NOTE

Check Details

Version: 0.1.0
Check: LazyData
Result: NOTE
     'LazyData' is specified without a 'data' directory
Flavors: r-devel-linux-x86_64-debian-clang, r-devel-linux-x86_64-debian-gcc, r-devel-linux-x86_64-fedora-clang, r-devel-linux-x86_64-fedora-gcc, r-devel-windows-x86_64, r-patched-linux-x86_64, r-release-linux-x86_64, r-release-macos-arm64, r-release-macos-x86_64, r-release-windows-x86_64, r-oldrel-macos-arm64, r-oldrel-macos-x86_64, r-oldrel-windows-x86_64

Version: 0.1.0
Check: dependencies in R code
Result: NOTE
    Namespace in Imports field not imported from: ‘nlme’
     All declared Imports should be used.
Flavors: r-devel-linux-x86_64-fedora-clang, r-devel-linux-x86_64-fedora-gcc, r-oldrel-macos-arm64, r-oldrel-macos-x86_64