CRAN Package Check Results for Package waspr

Last updated on 2023-03-23 07:54:45 CET.

Flavor Version Tinstall Tcheck Ttotal Status Flags
r-devel-linux-x86_64-debian-clang 1.0.0 42.76 49.42 92.18 NOTE
r-devel-linux-x86_64-debian-gcc 1.0.0 33.22 47.68 80.90 NOTE
r-devel-linux-x86_64-fedora-clang 1.0.0 134.42 NOTE
r-devel-linux-x86_64-fedora-gcc 1.0.0 139.68 NOTE
r-patched-linux-x86_64 1.0.0 41.89 58.18 100.07 OK
r-release-linux-x86_64 1.0.0 35.56 58.72 94.28 OK
r-release-macos-arm64 1.0.0 37.00 NOTE
r-release-macos-x86_64 1.0.0 47.00 NOTE
r-release-windows-x86_64 1.0.0 44.00 159.00 203.00 OK
r-oldrel-macos-arm64 1.0.0 38.00 NOTE
r-oldrel-macos-x86_64 1.0.0 71.00 NOTE
r-oldrel-windows-ix86+x86_64 1.0.0 111.00 139.00 250.00 OK

Check Details

Version: 1.0.0
Check: C++ specification
Result: NOTE
     Specified C++11: please drop specification unless essential
Flavors: r-devel-linux-x86_64-debian-clang, r-devel-linux-x86_64-debian-gcc, r-devel-linux-x86_64-fedora-clang, r-devel-linux-x86_64-fedora-gcc

Version: 1.0.0
Check: dependencies in R code
Result: NOTE
    Namespace in Imports field not imported from: ‘methods’
     All declared Imports should be used.
Flavors: r-devel-linux-x86_64-fedora-clang, r-devel-linux-x86_64-fedora-gcc, r-release-macos-arm64, r-release-macos-x86_64, r-oldrel-macos-arm64, r-oldrel-macos-x86_64