CRAN Package Check Results for Package waver

Last updated on 2023-05-28 04:56:30 CEST.

Flavor Version Tinstall Tcheck Ttotal Status Flags
r-devel-linux-x86_64-debian-clang 0.2.1 3.30 45.24 48.54 NOTE
r-devel-linux-x86_64-debian-gcc 0.2.1 3.16 35.56 38.72 NOTE
r-devel-linux-x86_64-fedora-clang 0.2.1 65.21 NOTE
r-devel-linux-x86_64-fedora-gcc 0.2.1 57.77 NOTE
r-devel-windows-x86_64 0.2.1 5.00 54.00 59.00 NOTE
r-patched-linux-x86_64 0.2.1 4.22 44.08 48.30 NOTE
r-release-linux-x86_64 0.2.1 4.23 44.22 48.45 NOTE
r-release-macos-arm64 0.2.1 21.00 NOTE
r-release-macos-x86_64 0.2.1 36.00 NOTE
r-release-windows-x86_64 0.2.1 4.00 57.00 61.00 NOTE
r-oldrel-macos-arm64 0.2.1 22.00 NOTE
r-oldrel-macos-x86_64 0.2.1 29.00 NOTE
r-oldrel-windows-x86_64 0.2.1 6.00 63.00 69.00 NOTE

Check Details

Version: 0.2.1
Check: LazyData
Result: NOTE
     'LazyData' is specified without a 'data' directory
Flavors: r-devel-linux-x86_64-debian-clang, r-devel-linux-x86_64-debian-gcc, r-devel-linux-x86_64-fedora-clang, r-devel-linux-x86_64-fedora-gcc, r-devel-windows-x86_64, r-patched-linux-x86_64, r-release-linux-x86_64, r-release-macos-arm64, r-release-macos-x86_64, r-release-windows-x86_64, r-oldrel-macos-arm64, r-oldrel-macos-x86_64, r-oldrel-windows-x86_64