CRAN Package Check Results for Package waydown

Last updated on 2024-03-03 08:52:49 CET.

Flavor Version Tinstall Tcheck Ttotal Status Flags
r-devel-linux-x86_64-debian-clang 1.1.0 2.58 243.13 245.71 NOTE
r-devel-linux-x86_64-debian-gcc 1.1.0 1.31 164.08 165.39 NOTE
r-devel-linux-x86_64-fedora-clang 1.1.0 285.11 NOTE
r-devel-linux-x86_64-fedora-gcc 1.1.0 271.40 NOTE
r-devel-windows-x86_64 1.1.0 3.00 205.00 208.00 NOTE
r-patched-linux-x86_64 1.1.0 2.13 214.66 216.79 NOTE
r-release-linux-x86_64 1.1.0 1.76 209.47 211.23 NOTE
r-release-macos-arm64 1.1.0 79.00 NOTE
r-release-macos-x86_64 1.1.0 128.00 NOTE
r-release-windows-x86_64 1.1.0 4.00 234.00 238.00 NOTE
r-oldrel-macos-arm64 1.1.0 62.00 NOTE
r-oldrel-windows-x86_64 1.1.0 3.00 228.00 231.00 NOTE

Check Details

Version: 1.1.0
Check: LazyData
Result: NOTE 'LazyData' is specified without a 'data' directory Flavors: r-devel-linux-x86_64-debian-clang, r-devel-linux-x86_64-debian-gcc, r-devel-linux-x86_64-fedora-clang, r-devel-linux-x86_64-fedora-gcc, r-devel-windows-x86_64, r-patched-linux-x86_64, r-release-linux-x86_64, r-release-macos-arm64, r-release-macos-x86_64, r-release-windows-x86_64, r-oldrel-macos-arm64, r-oldrel-windows-x86_64