CRAN Package Check Results for Package wdm

Last updated on 2021-10-17 12:53:02 CEST.

Flavor Version Tinstall Tcheck Ttotal Status Flags
r-devel-linux-x86_64-debian-clang 0.2.2 25.52 45.48 71.00 NOTE
r-devel-linux-x86_64-debian-gcc 0.2.2 17.35 33.85 51.20 NOTE
r-devel-linux-x86_64-fedora-clang 0.2.2 97.34 NOTE
r-devel-linux-x86_64-fedora-gcc 0.2.2 82.14 NOTE
r-devel-windows-x86_64 0.2.2 29.00 61.00 90.00 NOTE
r-devel-windows-x86_64-gcc10-UCRT 0.2.2 NOTE
r-patched-linux-x86_64 0.2.2 18.67 44.30 62.97 NOTE
r-patched-solaris-x86 0.2.2 101.60 NOTE
r-release-linux-x86_64 0.2.2 23.83 42.77 66.60 NOTE
r-release-macos-arm64 0.2.2 NOTE
r-release-macos-x86_64 0.2.2 NOTE
r-release-windows-ix86+x86_64 0.2.2 45.00 104.00 149.00 NOTE
r-oldrel-macos-x86_64 0.2.2 OK
r-oldrel-windows-ix86+x86_64 0.2.2 59.00 106.00 165.00 OK

Check Details

Version: 0.2.2
Check: LazyData
Result: NOTE
     'LazyData' is specified without a 'data' directory
Flavors: r-devel-linux-x86_64-debian-clang, r-devel-linux-x86_64-debian-gcc, r-devel-linux-x86_64-fedora-clang, r-devel-linux-x86_64-fedora-gcc, r-devel-windows-x86_64, r-devel-windows-x86_64-gcc10-UCRT, r-patched-linux-x86_64, r-patched-solaris-x86, r-release-linux-x86_64, r-release-macos-arm64, r-release-macos-x86_64, r-release-windows-ix86+x86_64