CRAN Package Check Results for Package weed

Last updated on 2024-03-05 00:52:02 CET.

Flavor Version Tinstall Tcheck Ttotal Status Flags
r-devel-linux-x86_64-debian-clang 1.1.2 2.09 31.05 33.14 OK
r-devel-linux-x86_64-debian-gcc 1.1.2 2.08 24.04 26.12 OK
r-devel-linux-x86_64-fedora-clang 1.1.2 41.38 NOTE
r-devel-linux-x86_64-fedora-gcc 1.1.2 39.83 NOTE
r-devel-windows-x86_64 1.1.2 4.00 48.00 52.00 OK
r-patched-linux-x86_64 1.1.2 2.44 30.85 33.29 OK
r-release-linux-x86_64 1.1.2 1.70 30.83 32.53 OK
r-release-macos-arm64 1.1.2 28.00 OK
r-release-macos-x86_64 1.1.2 39.00 OK
r-release-windows-x86_64 1.1.2 5.00 51.00 56.00 OK
r-oldrel-macos-arm64 1.1.2 30.00 OK
r-oldrel-windows-x86_64 1.1.2 6.00 58.00 64.00 OK

Check Details

Version: 1.1.2
Check: dependencies in R code
Result: NOTE Namespaces in Imports field not imported from: ‘here’ ‘tibble’ All declared Imports should be used. Flavors: r-devel-linux-x86_64-fedora-clang, r-devel-linux-x86_64-fedora-gcc