CRAN Package Check Results for Package widgetframe

Last updated on 2021-10-17 12:53:02 CEST.

Flavor Version Tinstall Tcheck Ttotal Status Flags
r-devel-linux-x86_64-debian-clang 0.3.1 2.49 28.22 30.71 NOTE
r-devel-linux-x86_64-debian-gcc 0.3.1 1.83 22.93 24.76 NOTE
r-devel-linux-x86_64-fedora-clang 0.3.1 48.11 NOTE
r-devel-linux-x86_64-fedora-gcc 0.3.1 37.67 NOTE
r-devel-windows-x86_64 0.3.1 5.00 39.00 44.00 NOTE
r-devel-windows-x86_64-gcc10-UCRT 0.3.1 NOTE
r-patched-linux-x86_64 0.3.1 2.54 28.27 30.81 NOTE
r-patched-solaris-x86 0.3.1 61.80 NOTE
r-release-linux-x86_64 0.3.1 2.52 28.06 30.58 NOTE
r-release-macos-arm64 0.3.1 NOTE
r-release-macos-x86_64 0.3.1 NOTE
r-release-windows-ix86+x86_64 0.3.1 5.00 63.00 68.00 NOTE
r-oldrel-macos-x86_64 0.3.1 OK
r-oldrel-windows-ix86+x86_64 0.3.1 7.00 52.00 59.00 OK

Check Details

Version: 0.3.1
Check: LazyData
Result: NOTE
     'LazyData' is specified without a 'data' directory
Flavors: r-devel-linux-x86_64-debian-clang, r-devel-linux-x86_64-debian-gcc, r-devel-linux-x86_64-fedora-clang, r-devel-linux-x86_64-fedora-gcc, r-devel-windows-x86_64, r-devel-windows-x86_64-gcc10-UCRT, r-patched-linux-x86_64, r-patched-solaris-x86, r-release-linux-x86_64, r-release-macos-arm64, r-release-macos-x86_64, r-release-windows-ix86+x86_64