CRAN Package Check Results for Package winfapReader

Last updated on 2024-06-15 13:49:20 CEST.

Flavor Version Tinstall Tcheck Ttotal Status Flags
r-devel-linux-x86_64-debian-clang 0.1-5 4.88 77.58 82.46 OK
r-devel-linux-x86_64-debian-gcc 0.1-5 3.55 56.86 60.41 OK
r-devel-linux-x86_64-fedora-clang 0.1-5 101.43 OK
r-devel-linux-x86_64-fedora-gcc 0.1-5 113.69 OK
r-devel-windows-x86_64 0.1-5 4.00 54.00 58.00 ERROR
r-patched-linux-x86_64 0.1-5 4.56 73.74 78.30 OK
r-release-linux-x86_64 0.1-5 3.93 74.21 78.14 OK
r-release-macos-arm64 0.1-5 52.00 OK
r-release-macos-x86_64 0.1-5 68.00 OK
r-release-windows-x86_64 0.1-5 4.00 83.00 87.00 OK
r-oldrel-macos-arm64 0.1-5 55.00 OK
r-oldrel-macos-x86_64 0.1-5 71.00 OK
r-oldrel-windows-x86_64 0.1-5 6.00 97.00 103.00 OK

Check Details

Version: 0.1-5
Check: re-building of vignette outputs
Result: ERROR Error(s) in re-building vignettes: --- re-building 'winfapReader.Rmd' using rmarkdown Quitting from lines 163-176 [unnamed-chunk-4] (winfapReader.Rmd) Error: processing vignette 'winfapReader.Rmd' failed with diagnostics: Can't subset columns that don't exist. ✖ Column `feh-pooling` doesn't exist. --- failed re-building 'winfapReader.Rmd' SUMMARY: processing the following file failed: 'winfapReader.Rmd' Error: Vignette re-building failed. Execution halted Flavor: r-devel-windows-x86_64