CRAN Package Check Results for Package wiqid

Last updated on 2021-10-26 12:54:43 CEST.

Flavor Version Tinstall Tcheck Ttotal Status Flags
r-devel-linux-x86_64-debian-clang 0.3.0 9.24 95.31 104.55 OK
r-devel-linux-x86_64-debian-gcc 0.3.0 7.73 70.27 78.00 OK
r-devel-linux-x86_64-fedora-clang 0.3.0 136.08 OK
r-devel-linux-x86_64-fedora-gcc 0.3.0 125.70 OK
r-devel-windows-x86_64 0.3.0 17.00 133.00 150.00 OK
r-devel-windows-x86_64-gcc10-UCRT 0.3.0 OK
r-patched-linux-x86_64 0.3.0 11.91 92.29 104.20 OK
r-patched-solaris-x86 0.3.0 157.40 OK
r-release-linux-x86_64 0.3.0 9.27 92.20 101.47 OK
r-release-macos-arm64 0.3.0 NOTE
r-release-macos-x86_64 0.3.0 OK
r-release-windows-ix86+x86_64 0.3.0 12.00 104.00 116.00 OK
r-oldrel-macos-x86_64 0.3.0 OK
r-oldrel-windows-ix86+x86_64 0.3.0 18.00 112.00 130.00 OK

Check Details

Version: 0.3.0
Check: package dependencies
Result: NOTE
    Package suggested but not available for checking: ‘rjags’
Flavor: r-release-macos-arm64