CRAN Package Check Results for Package wordcloud

Last updated on 2021-12-05 07:49:28 CET.

Flavor Version Tinstall Tcheck Ttotal Status Flags
r-devel-linux-x86_64-debian-clang 2.6 18.47 41.58 60.05 OK
r-devel-linux-x86_64-debian-gcc 2.6 13.54 32.27 45.81 OK
r-devel-linux-x86_64-fedora-clang 2.6 88.70 NOTE
r-devel-linux-x86_64-fedora-gcc 2.6 66.17 NOTE
r-devel-windows-x86_64-new-UL 2.6 30.00 88.00 118.00 OK
r-devel-windows-x86_64-new-TK 2.6 NOTE
r-devel-windows-x86_64-old 2.6 28.00 50.00 78.00 OK
r-patched-linux-x86_64 2.6 16.04 31.30 47.34 OK
r-release-linux-x86_64 2.6 15.20 39.48 54.68 OK
r-release-macos-arm64 2.6 NOTE
r-release-macos-x86_64 2.6 NOTE
r-release-windows-ix86+x86_64 2.6 55.00 75.00 130.00 OK
r-oldrel-macos-x86_64 2.6 NOTE
r-oldrel-windows-ix86+x86_64 2.6 55.00 78.00 133.00 OK

Check Details

Version: 2.6
Check: data for non-ASCII characters
Result: NOTE
     Note: found 2 marked UTF-8 strings
Flavors: r-devel-linux-x86_64-fedora-clang, r-devel-linux-x86_64-fedora-gcc, r-devel-windows-x86_64-new-TK, r-release-macos-arm64, r-release-macos-x86_64, r-oldrel-macos-x86_64