Last updated on 2023-10-01 01:53:33 CEST.
Flavor | Version | Tinstall | Tcheck | Ttotal | Status | Flags |
---|---|---|---|---|---|---|
r-devel-linux-x86_64-debian-clang | 0.2.1 | 3.63 | 34.25 | 37.88 | OK | |
r-devel-linux-x86_64-debian-gcc | 0.2.1 | 2.56 | 26.58 | 29.14 | OK | |
r-devel-linux-x86_64-fedora-clang | 0.2.1 | 46.33 | NOTE | |||
r-devel-linux-x86_64-fedora-gcc | 0.2.1 | 57.63 | NOTE | |||
r-devel-windows-x86_64 | 0.2.1 | 5.00 | 51.00 | 56.00 | OK | |
r-patched-linux-x86_64 | 0.2.1 | 3.91 | 32.67 | 36.58 | OK | |
r-release-linux-x86_64 | 0.2.1 | 2.87 | 33.43 | 36.30 | OK | |
r-release-macos-arm64 | 0.2.1 | 31.00 | OK | |||
r-release-macos-x86_64 | 0.2.1 | 39.00 | OK | |||
r-release-windows-x86_64 | 0.2.1 | 5.00 | 71.00 | 76.00 | OK | |
r-oldrel-macos-arm64 | 0.2.1 | 21.00 | NOTE | |||
r-oldrel-macos-x86_64 | 0.2.1 | 28.00 | NOTE | |||
r-oldrel-windows-x86_64 | 0.2.1 | 6.00 | 53.00 | 59.00 | OK |
Version: 0.2.1
Check: data for non-ASCII characters
Result: NOTE
Note: found 933 marked UTF-8 strings
Flavors: r-devel-linux-x86_64-fedora-clang, r-devel-linux-x86_64-fedora-gcc, r-oldrel-macos-arm64, r-oldrel-macos-x86_64