CRAN Package Check Results for Package wordpiece

Last updated on 2024-03-01 11:53:59 CET.

Flavor Version Tinstall Tcheck Ttotal Status Flags
r-devel-linux-x86_64-debian-clang 2.1.3 3.19 38.84 42.03 NOTE
r-devel-linux-x86_64-debian-gcc 2.1.3 2.50 29.72 32.22 NOTE
r-devel-linux-x86_64-fedora-clang 2.1.3 52.23 NOTE
r-devel-linux-x86_64-fedora-gcc 2.1.3 61.56 NOTE
r-devel-windows-x86_64 2.1.3 4.00 58.00 62.00 OK
r-patched-linux-x86_64 2.1.3 3.56 37.00 40.56 OK
r-release-linux-x86_64 2.1.3 2.84 37.04 39.88 OK
r-release-macos-arm64 2.1.3 27.00 OK
r-release-macos-x86_64 2.1.3 40.00 OK
r-release-windows-x86_64 2.1.3 5.00 60.00 65.00 OK
r-oldrel-macos-arm64 2.1.3 23.00 OK
r-oldrel-windows-x86_64 2.1.3 6.00 55.00 61.00 OK

Check Details

Version: 2.1.3
Check: Rd files
Result: NOTE checkRd: (-1) wordpiece_cache_dir.Rd:16-17: Lost braces in \itemize; meant \describe ? checkRd: (-1) wordpiece_cache_dir.Rd:18-19: Lost braces in \itemize; meant \describe ? checkRd: (-1) wordpiece_cache_dir.Rd:20-21: Lost braces in \itemize; meant \describe ? Flavors: r-devel-linux-x86_64-debian-clang, r-devel-linux-x86_64-debian-gcc, r-devel-linux-x86_64-fedora-clang, r-devel-linux-x86_64-fedora-gcc