Last updated on 2023-05-31 04:57:21 CEST.
Flavor | Version | Tinstall | Tcheck | Ttotal | Status | Flags |
---|---|---|---|---|---|---|
r-devel-linux-x86_64-debian-clang | 0.6.2 | 17.63 | 98.61 | 116.24 | OK | |
r-devel-linux-x86_64-debian-gcc | 0.6.2 | 12.08 | 72.63 | 84.71 | OK | |
r-devel-linux-x86_64-fedora-clang | 0.6.2 | 144.74 | NOTE | |||
r-devel-linux-x86_64-fedora-gcc | 0.6.2 | 133.47 | OK | |||
r-devel-windows-x86_64 | 0.6.2 | 15.00 | 154.00 | 169.00 | OK | |
r-patched-linux-x86_64 | 0.6.2 | 14.74 | 92.62 | 107.36 | OK | |
r-release-linux-x86_64 | 0.6.2 | 12.66 | 92.45 | 105.11 | OK | |
r-release-macos-arm64 | 0.6.2 | 96.00 | OK | |||
r-release-macos-x86_64 | 0.6.2 | 120.00 | OK | |||
r-release-windows-x86_64 | 0.6.2 | 20.00 | 167.00 | 187.00 | OK | |
r-oldrel-macos-arm64 | 0.6.2 | 97.00 | OK | |||
r-oldrel-macos-x86_64 | 0.6.2 | 113.00 | OK | |||
r-oldrel-windows-x86_64 | 0.6.2 | 20.00 | 162.00 | 182.00 | OK |
Version: 0.6.2
Check: package dependencies
Result: NOTE
Imports includes 23 non-default packages.
Importing from so many packages makes the package vulnerable to any of
them becoming unavailable. Move as many as possible to Suggests and
use conditionally.
Flavor: r-devel-linux-x86_64-fedora-clang