Last updated on 2023-05-31 01:03:35 CEST.
Flavor | Version | Tinstall | Tcheck | Ttotal | Status | Flags |
---|---|---|---|---|---|---|
r-devel-linux-x86_64-debian-clang | 1.8.1 | 29.41 | 539.04 | 568.45 | OK | |
r-devel-linux-x86_64-debian-gcc | 1.8.1 | 24.50 | 363.83 | 388.33 | OK | |
r-devel-linux-x86_64-fedora-clang | 1.8.1 | 705.12 | OK | |||
r-devel-linux-x86_64-fedora-gcc | 1.8.1 | 684.77 | OK | |||
r-devel-windows-x86_64 | 1.8.1 | 28.00 | 463.00 | 491.00 | OK | |
r-patched-linux-x86_64 | 1.8.1 | 37.32 | 506.15 | 543.47 | OK | |
r-release-linux-x86_64 | 1.8.1 | 20.26 | 512.63 | 532.89 | OK | |
r-release-macos-arm64 | 1.8.1 | 187.00 | OK | |||
r-release-macos-x86_64 | 1.8.1 | 291.00 | NOTE | |||
r-release-windows-x86_64 | 1.8.1 | 38.00 | 603.00 | 641.00 | OK | |
r-oldrel-macos-arm64 | 1.8.1 | 130.00 | OK | |||
r-oldrel-macos-x86_64 | 1.8.1 | 234.00 | OK | |||
r-oldrel-windows-x86_64 | 1.8.1 | 38.00 | 539.00 | 577.00 | OK |
Version: 1.8.1
Check: package dependencies
Result: NOTE
Package suggested but not available for checking: ‘leiden’
Flavor: r-release-macos-x86_64