CRAN Package Check Results for Package wpp2012

Last updated on 2021-12-01 03:55:46 CET.

Flavor Version Tinstall Tcheck Ttotal Status Flags
r-devel-linux-x86_64-debian-clang 2.2-1 3.26 33.72 36.98 NOTE
r-devel-linux-x86_64-debian-gcc 2.2-1 2.29 27.75 30.04 NOTE
r-devel-linux-x86_64-fedora-clang 2.2-1 58.26 NOTE
r-devel-linux-x86_64-fedora-gcc 2.2-1 46.73 NOTE
r-devel-windows-x86_64-new-UL 2.2-1 10.00 80.00 90.00 NOTE
r-devel-windows-x86_64-new-TK 2.2-1 NOTE
r-devel-windows-x86_64-old 2.2-1 6.00 46.00 52.00 NOTE
r-patched-linux-x86_64 2.2-1 3.37 32.96 36.33 NOTE
r-patched-solaris-x86 2.2-1 76.50 NOTE
r-release-linux-x86_64 2.2-1 3.09 33.06 36.15 NOTE
r-release-macos-arm64 2.2-1 NOTE
r-release-macos-x86_64 2.2-1 NOTE
r-release-windows-ix86+x86_64 2.2-1 7.00 44.00 51.00 NOTE
r-oldrel-macos-x86_64 2.2-1 NOTE
r-oldrel-windows-ix86+x86_64 2.2-1 7.00 43.00 50.00 NOTE

Check Details

Version: 2.2-1
Check: DESCRIPTION meta-information
Result: NOTE
    Malformed Description field: should contain one or more complete sentences.
Flavors: r-devel-linux-x86_64-debian-clang, r-devel-linux-x86_64-debian-gcc, r-devel-linux-x86_64-fedora-clang, r-devel-linux-x86_64-fedora-gcc, r-devel-windows-x86_64-new-UL, r-devel-windows-x86_64-new-TK, r-devel-windows-x86_64-old, r-patched-linux-x86_64, r-patched-solaris-x86, r-release-linux-x86_64, r-release-macos-arm64, r-release-macos-x86_64, r-release-windows-ix86+x86_64, r-oldrel-macos-x86_64, r-oldrel-windows-ix86+x86_64

Version: 2.2-1
Check: installed package size
Result: NOTE
     installed size is 12.8Mb
     sub-directories of 1Mb or more:
     data 12.7Mb
Flavors: r-devel-linux-x86_64-fedora-clang, r-devel-windows-x86_64-new-UL, r-devel-windows-x86_64-old, r-patched-solaris-x86, r-release-macos-arm64, r-release-macos-x86_64, r-release-windows-ix86+x86_64, r-oldrel-macos-x86_64, r-oldrel-windows-ix86+x86_64