CRAN Package Check Results for Package wpp2015

Last updated on 2021-11-28 19:49:10 CET.

Flavor Version Tinstall Tcheck Ttotal Status Flags
r-devel-linux-x86_64-debian-clang 1.1-2 OK
r-devel-linux-x86_64-debian-gcc 1.1-2 2.39 34.08 36.47 OK
r-devel-linux-x86_64-fedora-clang 1.1-2 66.15 NOTE
r-devel-linux-x86_64-fedora-gcc 1.1-2 53.88 OK
r-devel-windows-x86_64-new-UL 1.1-2 12.00 94.00 106.00 NOTE
r-devel-windows-x86_64-new-TK 1.1-2 OK
r-devel-windows-x86_64-old 1.1-2 6.00 66.00 72.00 NOTE
r-patched-linux-x86_64 1.1-2 3.35 39.05 42.40 OK
r-patched-solaris-x86 1.1-2 84.90 NOTE
r-release-linux-x86_64 1.1-2 3.30 39.20 42.50 OK
r-release-macos-arm64 1.1-2 NOTE
r-release-macos-x86_64 1.1-2 NOTE
r-release-windows-ix86+x86_64 1.1-2 11.00 52.00 63.00 NOTE
r-oldrel-macos-x86_64 1.1-2 NOTE
r-oldrel-windows-ix86+x86_64 1.1-2 9.00 72.00 81.00 NOTE

Check Details

Version: 1.1-2
Check: installed package size
Result: NOTE
     installed size is 11.4Mb
     sub-directories of 1Mb or more:
     data 11.2Mb
Flavors: r-devel-linux-x86_64-fedora-clang, r-devel-windows-x86_64-new-UL, r-devel-windows-x86_64-old, r-patched-solaris-x86, r-release-macos-arm64, r-release-macos-x86_64, r-release-windows-ix86+x86_64, r-oldrel-macos-x86_64, r-oldrel-windows-ix86+x86_64