CRAN Package Check Results for Package wpp2019

Last updated on 2021-12-04 11:52:53 CET.

Flavor Version Tinstall Tcheck Ttotal Status Flags
r-devel-linux-x86_64-debian-clang 1.1-1 2.98 54.01 56.99 OK
r-devel-linux-x86_64-debian-gcc 1.1-1 2.14 43.27 45.41 OK
r-devel-linux-x86_64-fedora-clang 1.1-1 68.71 NOTE
r-devel-linux-x86_64-fedora-gcc 1.1-1 55.37 OK
r-devel-windows-x86_64-new-UL 1.1-1 11.00 96.00 107.00 NOTE
r-devel-windows-x86_64-new-TK 1.1-1 OK
r-devel-windows-x86_64-old 1.1-1 7.00 50.00 57.00 NOTE
r-patched-linux-x86_64 1.1-1 2.72 41.58 44.30 OK
r-release-linux-x86_64 1.1-1 2.47 42.04 44.51 OK
r-release-macos-arm64 1.1-1 NOTE
r-release-macos-x86_64 1.1-1 NOTE
r-release-windows-ix86+x86_64 1.1-1 9.00 62.00 71.00 NOTE
r-oldrel-macos-x86_64 1.1-1 NOTE
r-oldrel-windows-ix86+x86_64 1.1-1 9.00 64.00 73.00 NOTE

Check Details

Version: 1.1-1
Check: installed package size
Result: NOTE
     installed size is 11.4Mb
     sub-directories of 1Mb or more:
     data 11.3Mb
Flavors: r-devel-linux-x86_64-fedora-clang, r-devel-windows-x86_64-new-UL, r-devel-windows-x86_64-old, r-release-macos-arm64, r-release-macos-x86_64, r-release-windows-ix86+x86_64, r-oldrel-macos-x86_64, r-oldrel-windows-ix86+x86_64