CRAN Package Check Results for Package wrTopDownFrag

Last updated on 2021-12-02 00:49:29 CET.

Flavor Version Tinstall Tcheck Ttotal Status Flags
r-devel-linux-x86_64-debian-clang 1.0.2 5.22 36.30 41.52 NOTE
r-devel-linux-x86_64-debian-gcc 1.0.2 3.48 28.04 31.52 NOTE
r-devel-linux-x86_64-fedora-clang 1.0.2 62.90 NOTE
r-devel-linux-x86_64-fedora-gcc 1.0.2 50.24 NOTE
r-devel-windows-x86_64-new-UL 1.0.2 10.00 73.00 83.00 NOTE
r-devel-windows-x86_64-new-TK 1.0.2 NOTE
r-devel-windows-x86_64-old 1.0.2 7.00 41.00 48.00 NOTE
r-patched-linux-x86_64 1.0.2 8.76 34.19 42.95 NOTE
r-patched-solaris-x86 1.0.2 66.40 NOTE
r-release-linux-x86_64 1.0.2 4.52 34.25 38.77 NOTE
r-release-macos-arm64 1.0.2 NOTE
r-release-macos-x86_64 1.0.2 NOTE
r-release-windows-ix86+x86_64 1.0.2 9.00 53.00 62.00 NOTE
r-oldrel-macos-x86_64 1.0.2 OK
r-oldrel-windows-ix86+x86_64 1.0.2 9.00 53.00 62.00 OK

Check Details

Version: 1.0.2
Check: LazyData
Result: NOTE
     'LazyData' is specified without a 'data' directory
Flavors: r-devel-linux-x86_64-debian-clang, r-devel-linux-x86_64-debian-gcc, r-devel-linux-x86_64-fedora-clang, r-devel-linux-x86_64-fedora-gcc, r-devel-windows-x86_64-new-UL, r-devel-windows-x86_64-new-TK, r-devel-windows-x86_64-old, r-patched-linux-x86_64, r-patched-solaris-x86, r-release-linux-x86_64, r-release-macos-arm64, r-release-macos-x86_64, r-release-windows-ix86+x86_64

Version: 1.0.2
Check: package dependencies
Result: NOTE
    Package suggested but not available for checking: ‘BiocParallel’
Flavor: r-release-macos-arm64